{"id":1625,"date":"2025-02-22T15:30:56","date_gmt":"2025-02-22T15:30:56","guid":{"rendered":"https:\/\/gallant-antonelli.185-146-238-135.plesk.page\/?page_id=1625"},"modified":"2025-07-04T19:15:14","modified_gmt":"2025-07-04T19:15:14","slug":"blog","status":"publish","type":"page","link":"https:\/\/karin-mueller.com\/index.php\/blog\/","title":{"rendered":"Blog"},"content":{"rendered":"\t\t<div data-elementor-type=\"wp-page\" data-elementor-id=\"1625\" class=\"elementor elementor-1625\">\n\t\t\t\t<div class=\"has_eae_slider aux-parallax-section elementor-element elementor-element-9e9b764 e-flex e-con-boxed e-con e-parent\" data-eae-slider=\"43292\" data-id=\"9e9b764\" data-element_type=\"container\" data-e-type=\"container\" data-settings=\"{&quot;background_background&quot;:&quot;classic&quot;}\">\n\t\t\t\t\t<div class=\"e-con-inner\">\n\t\t<div class=\"has_eae_slider elementor-element elementor-element-0d73ada e-con-full e-flex e-con e-child\" data-eae-slider=\"50466\" data-id=\"0d73ada\" data-element_type=\"container\" data-e-type=\"container\">\n\t\t\t\t<div class=\"elementor-element elementor-element-9e83e61 elementor-widget elementor-widget-heading\" data-id=\"9e83e61\" data-element_type=\"widget\" data-e-type=\"widget\" data-widget_type=\"heading.default\">\n\t\t\t\t<div class=\"elementor-widget-container\">\n\t\t\t\t\t<h2 class=\"elementor-heading-title elementor-size-default\">Sowas wie mein Blog<\/h2>\t\t\t\t<\/div>\n\t\t\t\t<\/div>\n\t\t\t\t<\/div>\n\t\t<div class=\"has_eae_slider elementor-element elementor-element-bc48265 e-con-full e-flex e-con e-child\" data-eae-slider=\"63490\" data-id=\"bc48265\" data-element_type=\"container\" data-e-type=\"container\">\n\t\t\t\t<div class=\"elementor-element elementor-element-d5779cb elementor-widget elementor-widget-text-editor\" data-id=\"d5779cb\" data-element_type=\"widget\" data-e-type=\"widget\" data-widget_type=\"text-editor.default\">\n\t\t\t\t<div class=\"elementor-widget-container\">\n\t\t\t\t\t\t\t\t\t<p>Willkommen auf meinem Blog! Hier teile ich Neuigkeiten, Einblicke in meine neuesten Projekte, Gedanken und Erinnerungen rund um meine B\u00fccher und meine Arbeit als Schriftstellerin. F\u00fcr noch mehr Updates, privaten Alltagswahnsinn, Buchgewinne und Katzenbilder kannst du mir auch gern auf Instagram oder Facebook folgen.<\/p>\t\t\t\t\t\t\t\t<\/div>\n\t\t\t\t<\/div>\n\t\t\t\t<div class=\"elementor-element elementor-element-b02d190 elementor-widget elementor-widget-image\" data-id=\"b02d190\" data-element_type=\"widget\" data-e-type=\"widget\" data-widget_type=\"image.default\">\n\t\t\t\t<div class=\"elementor-widget-container\">\n\t\t\t\t\t\t\t\t\t\t\t\t\t\t\t\t<a href=\"https:\/\/www.instagram.com\/karin.mueller.autorin\">\n\t\t\t\t\t\t\t<img fetchpriority=\"high\" decoding=\"async\" width=\"1564\" height=\"611\" src=\"https:\/\/karin-mueller.com\/wp-content\/uploads\/2025\/04\/Element-6.png\" class=\"elementor-animation-rotate attachment-full size-full wp-image-4008\" alt=\"\" srcset=\"https:\/\/karin-mueller.com\/wp-content\/uploads\/2025\/04\/Element-6.png 1564w, https:\/\/karin-mueller.com\/wp-content\/uploads\/2025\/04\/Element-6-1536x600.png 1536w\" sizes=\"(max-width: 1564px) 100vw, 1564px\" \/>\t\t\t\t\t\t\t\t<\/a>\n\t\t\t\t\t\t\t\t\t\t\t\t\t\t\t<\/div>\n\t\t\t\t<\/div>\n\t\t\t\t<\/div>\n\t\t\t\t\t<\/div>\n\t\t\t\t<\/div>\n\t\t<div class=\"has_eae_slider aux-parallax-section elementor-element elementor-element-6361841 e-flex e-con-boxed e-con e-parent\" data-eae-slider=\"32076\" data-id=\"6361841\" data-element_type=\"container\" data-e-type=\"container\" data-settings=\"{&quot;background_background&quot;:&quot;classic&quot;}\">\n\t\t\t\t\t<div class=\"e-con-inner\">\n\t\t\t\t<div class=\"elementor-element elementor-element-50cb0aa elementor-widget elementor-widget-heading\" data-id=\"50cb0aa\" data-element_type=\"widget\" data-e-type=\"widget\" data-widget_type=\"heading.default\">\n\t\t\t\t<div class=\"elementor-widget-container\">\n\t\t\t\t\t<h2 class=\"elementor-heading-title elementor-size-default\">Meine letzten Beitr\u00e4ge<\/h2>\t\t\t\t<\/div>\n\t\t\t\t<\/div>\n\t\t\t\t<div class=\"elementor-element elementor-element-42bcd90 premium-blog-align-left elementor-widget elementor-widget-premium-addon-blog\" data-id=\"42bcd90\" data-element_type=\"widget\" data-e-type=\"widget\" data-settings=\"{&quot;filter_flag&quot;:&quot;cat&quot;,&quot;premium_blog_columns_number&quot;:&quot;100%&quot;,&quot;premium_blog_infinite_scroll&quot;:&quot;yes&quot;,&quot;premium_blog_columns_number_tablet&quot;:&quot;100%&quot;,&quot;premium_blog_grid&quot;:&quot;yes&quot;,&quot;premium_blog_layout&quot;:&quot;even&quot;,&quot;premium_blog_columns_number_mobile&quot;:&quot;100%&quot;,&quot;scroll_to_offset&quot;:&quot;yes&quot;}\" data-widget_type=\"premium-addon-blog.default\">\n\t\t\t\t<div class=\"elementor-widget-container\">\n\t\t\t\t\t\n\t\t\t\t\t\t\t<div class=\"premium-blog-filter\">\n\t\t\t<ul class=\"premium-blog-filters-container\">\n\t\t\t\t\t\t\t\t\t<li>\n\t\t\t\t\t\t<a href=\"javascript:;\" class=\"category active\" data-filter=\"*\">\n\t\t\t\t\t\t\tAlle\t\t\t\t\t\t<\/a>\n\t\t\t\t\t<\/li>\n\t\t\t\t\t\t\t\t\t\t\t\t\t\t<li>\n\t\t\t\t\t\t\t<a href=\"javascript:;\" class=\"category\" data-filter=\"aktuelles\">\n\t\t\t\t\t\t\t\tAktuelles\t\t\t\t\t\t\t<\/a>\n\t\t\t\t\t\t<\/li>\n\t\t\t\t\t\t\t\t\t\t<li>\n\t\t\t\t\t\t\t<a href=\"javascript:;\" class=\"category\" data-filter=\"neuerscheinungen\">\n\t\t\t\t\t\t\t\tNeuerscheinungen\t\t\t\t\t\t\t<\/a>\n\t\t\t\t\t\t<\/li>\n\t\t\t\t\t\t\t\t\t\t<li>\n\t\t\t\t\t\t\t<a href=\"javascript:;\" class=\"category\" data-filter=\"undsonstso\">\n\t\t\t\t\t\t\t\tUnd sonst so\t\t\t\t\t\t\t<\/a>\n\t\t\t\t\t\t<\/li>\n\t\t\t\t\t\t\t<\/ul>\n\t\t<\/div>\n\t\t\t\t\n\n\t\t\t\t<div class=\"premium-blog-wrap  premium-blog-even\" data-page=\"1625\">\n\t\t\t\t\t\t\t\t\t<div class=\"premium-blog-post-outer-container aktuelles\" data-total=\"1\">\n\t\t\t<div class=\"premium-blog-post-container premium-blog-skin-side\">\n\t\t\t\t\t\t\t\t\t<div class=\"premium-blog-thumb-effect-wrapper\">\n\t\t\t\t\t\t<div class=\"premium-blog-thumbnail-container premium-blog-zoomin-effect\">\n\t\t\t\t\t\t\t<img decoding=\"async\" width=\"1920\" height=\"2560\" src=\"https:\/\/karin-mueller.com\/wp-content\/uploads\/2025\/03\/WhatsApp-Bild-2025-04-02-um-14.26.56_c58f98b8-scaled.jpg\" class=\"attachment-full size-full wp-image-2884\" alt=\"\" srcset=\"https:\/\/karin-mueller.com\/wp-content\/uploads\/2025\/03\/WhatsApp-Bild-2025-04-02-um-14.26.56_c58f98b8-scaled.jpg 1920w, https:\/\/karin-mueller.com\/wp-content\/uploads\/2025\/03\/WhatsApp-Bild-2025-04-02-um-14.26.56_c58f98b8-1152x1536.jpg 1152w, https:\/\/karin-mueller.com\/wp-content\/uploads\/2025\/03\/WhatsApp-Bild-2025-04-02-um-14.26.56_c58f98b8-1536x2048.jpg 1536w\" \/>\t\t\t\t\t\t<\/div>\n\t\t\t\t\t\t\t\t\t\t\t\t\t<div class=\"premium-blog-thumbnail-overlay\">\n\t\t\t\t\t\t\t\t<a class=\"elementor-icon\" href=\"https:\/\/karin-mueller.com\/index.php\/2025\/04\/15\/coming-soon-kurzkrimi-workshop\/\" target=\"_blank\"><\/a>\n\t\t\t\t\t\t\t<\/div>\n\n\t\t\t\t\t\t\t\t\t\t\t\t\t\t\t\t\t\t<\/div>\n\t\t\t\t\t\t\t\t\t\t\t\t<div class=\"premium-blog-content-wrapper \">\n\n\t\t\t\t\t<div class=\"premium-blog-inner-container\">\n\n\t\t\t\t\t\t\t\t\t\t\t\t\t<div class=\"premium-blog-cats-container\">\n\t\t\t\t\t\t\t\t<ul class=\"post-categories\">\n\t\t\t\t\t\t\t\t\t<li><a href=\"https:\/\/karin-mueller.com\/index.php\/category\/aktuelles\/\" class=\"elementor-repeater-item-5dd9d8d\">Aktuelles<\/a><\/li>\t\t\t\t\t\t\t\t<\/ul>\n\t\t\t\t\t\t\t<\/div>\n\t\t\t\t\t\t\t\t\t\t\t\t\t\t<h2 class=\"premium-blog-entry-title\">\n\t\t\t<a href=\"https:\/\/karin-mueller.com\/index.php\/2025\/04\/15\/coming-soon-kurzkrimi-workshop\/\" target=\"_blank\">\n\t\t\t\tComing soon: Kurzkrimi-Workshop\t\t\t<\/a>\n\t\t<\/h2>\n\t\t\t\t<div class=\"premium-blog-entry-meta\">\n\t\t\t\n\t\t\t\n\t\t\t\n\t\t\t\t\t<\/div>\n\t\t\n\t\t\t\t\t<\/div>\n\n\t\t\t\t\t\t\t<div class=\"premium-blog-content-inner-wrapper\">\n\t\t<p class=\"premium-blog-post-content\">Weil mein Pr\u00e4senzworkshop zum Thema Krimi-Kurzgeschichten schreiben auf so riesiges Interesse gesto\u00dfen ist, bereite ich grade ein mehrteiliges Onlineseminar als Schreibworkshop zu diesem Thema vor. Wenn  ihr also immer schon mal lernen wolltet, wie man kriminell gute und m\u00f6rderisch spannende Kurzgeschichten schreibt - lasst es mich gern wissen. \ud83d\ude42<\/p><div class=\"premium-blog-excerpt-link-wrap\"><a href=\"https:\/\/karin-mueller.com\/index.php\/2025\/04\/15\/coming-soon-kurzkrimi-workshop\/\" target=\"_blank\" class=\"premium-blog-excerpt-link elementor-button\">Weiterlesen \u00bb<\/a><\/div>\t\t<\/div>\n\t\t\t\t\t\t\t\n\t\t\t\t<\/div>\n\t\t\t<\/div>\n\t\t<\/div>\n\n\t\t\t\t<div class=\"premium-blog-post-outer-container neuerscheinungen\" data-total=\"1\">\n\t\t\t<div class=\"premium-blog-post-container premium-blog-skin-side\">\n\t\t\t\t\t\t\t\t\t<div class=\"premium-blog-thumb-effect-wrapper\">\n\t\t\t\t\t\t<div class=\"premium-blog-thumbnail-container premium-blog-zoomin-effect\">\n\t\t\t\t\t\t\t<img decoding=\"async\" width=\"698\" height=\"1000\" src=\"https:\/\/karin-mueller.com\/wp-content\/uploads\/2025\/02\/61ivodV-i0L._SL1000_.jpg\" class=\"attachment-full size-full wp-image-112\" alt=\"\" \/>\t\t\t\t\t\t<\/div>\n\t\t\t\t\t\t\t\t\t\t\t\t\t<div class=\"premium-blog-thumbnail-overlay\">\n\t\t\t\t\t\t\t\t<a class=\"elementor-icon\" href=\"https:\/\/karin-mueller.com\/index.php\/2025\/02\/28\/mein-neues-buch\/\" target=\"_blank\"><\/a>\n\t\t\t\t\t\t\t<\/div>\n\n\t\t\t\t\t\t\t\t\t\t\t\t\t\t\t\t\t\t<\/div>\n\t\t\t\t\t\t\t\t\t\t\t\t<div class=\"premium-blog-content-wrapper \">\n\n\t\t\t\t\t<div class=\"premium-blog-inner-container\">\n\n\t\t\t\t\t\t\t\t\t\t\t\t\t<div class=\"premium-blog-cats-container\">\n\t\t\t\t\t\t\t\t<ul class=\"post-categories\">\n\t\t\t\t\t\t\t\t\t<li><a href=\"https:\/\/karin-mueller.com\/index.php\/category\/neuerscheinungen\/\" class=\"elementor-repeater-item-5dd9d8d\">Neuerscheinungen<\/a><\/li>\t\t\t\t\t\t\t\t<\/ul>\n\t\t\t\t\t\t\t<\/div>\n\t\t\t\t\t\t\t\t\t\t\t\t\t\t<h2 class=\"premium-blog-entry-title\">\n\t\t\t<a href=\"https:\/\/karin-mueller.com\/index.php\/2025\/02\/28\/mein-neues-buch\/\" target=\"_blank\">\n\t\t\t\tMein neues Kinderbuch &#8211; Flieg weiter, Alani!\t\t\t<\/a>\n\t\t<\/h2>\n\t\t\t\t<div class=\"premium-blog-entry-meta\">\n\t\t\t\n\t\t\t\n\t\t\t\n\t\t\t\t\t<\/div>\n\t\t\n\t\t\t\t\t<\/div>\n\n\t\t\t\t\t\t\t<div class=\"premium-blog-content-inner-wrapper\">\n\t\t<p class=\"premium-blog-post-content\">Die gemeine Zauberin\u00a0Grela ist verschwunden\u00a0und endlich ist wieder Ruhe ins Tausendfl\u00fcgeltal eingezogen. Oder? Doch warum tauchen pl\u00f6tzlich\u00a0merkw\u00fcrdig schillernde Pf\u00fctzen\u00a0auf, die Menschen wie Schmetterlinge krank machen? Und woher stammt die\u00a0Krummschnabel-Falle\u00a0in der N\u00e4he der\u00a0Grauburg?\u00a0Nur eines ist sicher: Alani, Nalu und Tua k\u00f6nnen da\u00a0auf keinen Fall tatenlos zusehen!<\/p><div class=\"premium-blog-excerpt-link-wrap\"><a href=\"https:\/\/karin-mueller.com\/index.php\/2025\/02\/28\/mein-neues-buch\/\" target=\"_blank\" class=\"premium-blog-excerpt-link elementor-button\">Weiterlesen \u00bb<\/a><\/div>\t\t<\/div>\n\t\t\t\t\t\t\t\n\t\t\t\t<\/div>\n\t\t\t<\/div>\n\t\t<\/div>\n\n\t\t\t\t<div class=\"premium-blog-post-outer-container aktuelles\" data-total=\"1\">\n\t\t\t<div class=\"premium-blog-post-container premium-blog-skin-side\">\n\t\t\t\t\t\t\t\t\t<div class=\"premium-blog-thumb-effect-wrapper\">\n\t\t\t\t\t\t<div class=\"premium-blog-thumbnail-container premium-blog-zoomin-effect\">\n\t\t\t\t\t\t\t<img loading=\"lazy\" decoding=\"async\" width=\"980\" height=\"2016\" src=\"https:\/\/karin-mueller.com\/wp-content\/uploads\/2025\/02\/WhatsApp-Bild-2025-04-04-um-13.03.07_f03b55ab.jpg\" class=\"attachment-full size-full wp-image-3079\" alt=\"\" srcset=\"https:\/\/karin-mueller.com\/wp-content\/uploads\/2025\/02\/WhatsApp-Bild-2025-04-04-um-13.03.07_f03b55ab.jpg 980w, https:\/\/karin-mueller.com\/wp-content\/uploads\/2025\/02\/WhatsApp-Bild-2025-04-04-um-13.03.07_f03b55ab-747x1536.jpg 747w\" \/>\t\t\t\t\t\t<\/div>\n\t\t\t\t\t\t\t\t\t\t\t\t\t<div class=\"premium-blog-thumbnail-overlay\">\n\t\t\t\t\t\t\t\t<a class=\"elementor-icon\" href=\"https:\/\/karin-mueller.com\/index.php\/2025\/02\/28\/5-tipps-um-kinder-fuers-lesen-zu-begeistern\/\" target=\"_blank\"><\/a>\n\t\t\t\t\t\t\t<\/div>\n\n\t\t\t\t\t\t\t\t\t\t\t\t\t\t\t\t\t\t<\/div>\n\t\t\t\t\t\t\t\t\t\t\t\t<div class=\"premium-blog-content-wrapper \">\n\n\t\t\t\t\t<div class=\"premium-blog-inner-container\">\n\n\t\t\t\t\t\t\t\t\t\t\t\t\t<div class=\"premium-blog-cats-container\">\n\t\t\t\t\t\t\t\t<ul class=\"post-categories\">\n\t\t\t\t\t\t\t\t\t<li><a href=\"https:\/\/karin-mueller.com\/index.php\/category\/aktuelles\/\" class=\"elementor-repeater-item-5dd9d8d\">Aktuelles<\/a><\/li>\t\t\t\t\t\t\t\t<\/ul>\n\t\t\t\t\t\t\t<\/div>\n\t\t\t\t\t\t\t\t\t\t\t\t\t\t<h2 class=\"premium-blog-entry-title\">\n\t\t\t<a href=\"https:\/\/karin-mueller.com\/index.php\/2025\/02\/28\/5-tipps-um-kinder-fuers-lesen-zu-begeistern\/\" target=\"_blank\">\n\t\t\t\tMit Stricken und Meer nach Island\t\t\t<\/a>\n\t\t<\/h2>\n\t\t\t\t<div class=\"premium-blog-entry-meta\">\n\t\t\t\n\t\t\t\n\t\t\t\n\t\t\t\t\t<\/div>\n\t\t\n\t\t\t\t\t<\/div>\n\n\t\t\t\t\t\t\t<div class=\"premium-blog-content-inner-wrapper\">\n\t\t<p class=\"premium-blog-post-content\">Ich durfte mal wieder mit der Norr\u00f6na nach Island fahren und an Bord aus \"Kein Isl\u00e4nder ist auch keine L\u00f6sung\" lesen. \"Stricken &amp; Meer\" hat riesig Spa\u00df gemacht!<\/p><div class=\"premium-blog-excerpt-link-wrap\"><a href=\"https:\/\/karin-mueller.com\/index.php\/2025\/02\/28\/5-tipps-um-kinder-fuers-lesen-zu-begeistern\/\" target=\"_blank\" class=\"premium-blog-excerpt-link elementor-button\">Weiterlesen \u00bb<\/a><\/div>\t\t<\/div>\n\t\t\t\t\t\t\t\n\t\t\t\t<\/div>\n\t\t\t<\/div>\n\t\t<\/div>\n\n\t\t\t\t<div class=\"premium-blog-post-outer-container undsonstso\" data-total=\"1\">\n\t\t\t<div class=\"premium-blog-post-container premium-blog-skin-side\">\n\t\t\t\t\t\t\t\t\t<div class=\"premium-blog-thumb-effect-wrapper\">\n\t\t\t\t\t\t<div class=\"premium-blog-thumbnail-container premium-blog-zoomin-effect\">\n\t\t\t\t\t\t\t<img loading=\"lazy\" decoding=\"async\" width=\"2560\" height=\"1920\" src=\"https:\/\/karin-mueller.com\/wp-content\/uploads\/2025\/03\/WhatsApp-Bild-2025-03-29-um-21.46.02_5cedcea1-scaled-e1743598723507.jpg\" class=\"attachment-full size-full wp-image-2885\" alt=\"\" srcset=\"https:\/\/karin-mueller.com\/wp-content\/uploads\/2025\/03\/WhatsApp-Bild-2025-03-29-um-21.46.02_5cedcea1-scaled-e1743598723507.jpg 2560w, https:\/\/karin-mueller.com\/wp-content\/uploads\/2025\/03\/WhatsApp-Bild-2025-03-29-um-21.46.02_5cedcea1-scaled-e1743598723507-1536x1152.jpg 1536w, https:\/\/karin-mueller.com\/wp-content\/uploads\/2025\/03\/WhatsApp-Bild-2025-03-29-um-21.46.02_5cedcea1-scaled-e1743598723507-2048x1536.jpg 2048w\" \/>\t\t\t\t\t\t<\/div>\n\t\t\t\t\t\t\t\t\t\t\t\t\t<div class=\"premium-blog-thumbnail-overlay\">\n\t\t\t\t\t\t\t\t<a class=\"elementor-icon\" href=\"https:\/\/karin-mueller.com\/index.php\/2025\/02\/27\/willkommen-auf-meinem-blog\/\" target=\"_blank\"><\/a>\n\t\t\t\t\t\t\t<\/div>\n\n\t\t\t\t\t\t\t\t\t\t\t\t\t\t\t\t\t\t<\/div>\n\t\t\t\t\t\t\t\t\t\t\t\t<div class=\"premium-blog-content-wrapper \">\n\n\t\t\t\t\t<div class=\"premium-blog-inner-container\">\n\n\t\t\t\t\t\t\t\t\t\t\t\t\t<div class=\"premium-blog-cats-container\">\n\t\t\t\t\t\t\t\t<ul class=\"post-categories\">\n\t\t\t\t\t\t\t\t\t<li><a href=\"https:\/\/karin-mueller.com\/index.php\/category\/undsonstso\/\" class=\"elementor-repeater-item-5dd9d8d\">Und sonst so<\/a><\/li>\t\t\t\t\t\t\t\t<\/ul>\n\t\t\t\t\t\t\t<\/div>\n\t\t\t\t\t\t\t\t\t\t\t\t\t\t<h2 class=\"premium-blog-entry-title\">\n\t\t\t<a href=\"https:\/\/karin-mueller.com\/index.php\/2025\/02\/27\/willkommen-auf-meinem-blog\/\" target=\"_blank\">\n\t\t\t\tSowas wie ein Blog &#8230;\t\t\t<\/a>\n\t\t<\/h2>\n\t\t\t\t<div class=\"premium-blog-entry-meta\">\n\t\t\t\n\t\t\t\n\t\t\t\n\t\t\t\t\t<\/div>\n\t\t\n\t\t\t\t\t<\/div>\n\n\t\t\t\t\t\t\t<div class=\"premium-blog-content-inner-wrapper\">\n\t\t<p class=\"premium-blog-post-content\">Ich dachte mir, in losen Abst\u00e4nden k\u00f6nnte es f\u00fcr euch ja vielleicht interessant sein, ein bisschen mehr von mir zu lesen. Dinge, die nicht in den B\u00fcchern stehen zum Beispiel \u2013 oder Dinge, die anstehen, also Neuigkeiten, Aktuelles, Diverses.<\/p><div class=\"premium-blog-excerpt-link-wrap\"><a href=\"https:\/\/karin-mueller.com\/index.php\/2025\/02\/27\/willkommen-auf-meinem-blog\/\" target=\"_blank\" class=\"premium-blog-excerpt-link elementor-button\">Weiterlesen \u00bb<\/a><\/div>\t\t<\/div>\n\t\t\t\t\t\t\t\n\t\t\t\t<\/div>\n\t\t\t<\/div>\n\t\t<\/div>\n\n\t\t\t\t\t\t\t<\/div>\n\n\t\t\n\t\t\n\t\t\t\t\t\t<\/div>\n\t\t\t\t<\/div>\n\t\t\t\t\t<\/div>\n\t\t\t\t<\/div>\n\t\t<div class=\"has_eae_slider aux-parallax-section elementor-element elementor-element-05e4af9 e-flex e-con-boxed e-con e-parent\" data-eae-slider=\"82337\" data-id=\"05e4af9\" data-element_type=\"container\" data-e-type=\"container\" data-settings=\"{&quot;background_background&quot;:&quot;classic&quot;}\">\n\t\t\t\t\t<div class=\"e-con-inner\">\n\t\t<div class=\"has_eae_slider elementor-element elementor-element-302a0bc e-con-full e-flex e-con e-child\" data-eae-slider=\"64617\" data-id=\"302a0bc\" data-element_type=\"container\" data-e-type=\"container\">\n\t\t\t\t<div class=\"elementor-element elementor-element-54e18ff elementor-widget elementor-widget-heading\" data-id=\"54e18ff\" data-element_type=\"widget\" data-e-type=\"widget\" data-widget_type=\"heading.default\">\n\t\t\t\t<div class=\"elementor-widget-container\">\n\t\t\t\t\t<h2 class=\"elementor-heading-title elementor-size-default\">Nichts mehr verpassen!<\/h2>\t\t\t\t<\/div>\n\t\t\t\t<\/div>\n\t\t\t\t<div class=\"elementor-element elementor-element-16448c8 elementor-widget elementor-widget-heading\" data-id=\"16448c8\" data-element_type=\"widget\" data-e-type=\"widget\" data-widget_type=\"heading.default\">\n\t\t\t\t<div class=\"elementor-widget-container\">\n\t\t\t\t\t<h2 class=\"elementor-heading-title elementor-size-default\">Anmeldung f\u00fcr den Newsletter<\/h2>\t\t\t\t<\/div>\n\t\t\t\t<\/div>\n\t\t\t\t<div class=\"elementor-element elementor-element-ba373c2 elementor-widget elementor-widget-shortcode\" data-id=\"ba373c2\" data-element_type=\"widget\" data-e-type=\"widget\" data-widget_type=\"shortcode.default\">\n\t\t\t\t<div class=\"elementor-widget-container\">\n\t\t\t\t\t\t\t<div class=\"elementor-shortcode\"><style>\r\n  .custom-newsletter-form {\r\n    font-family: 'Montserrat', sans-serif;\r\n    max-width: 500px;\r\n    padding: 20px;\r\n    background-color: transparent;\r\n  }\r\n\r\n  .custom-newsletter-form label {\r\n    font-weight: 500;\r\n    font-size: 15px;\r\n    color: #0A090F;\r\n    display: block;\r\n    margin-bottom: 5px;\r\n  }\r\n\r\n  .custom-newsletter-form input[type=\"text\"],\r\n  .custom-newsletter-form input[type=\"email\"] {\r\n    width: 100%;\r\n    font-family: 'Montserrat', sans-serif;\r\n    font-weight: 500;\r\n    font-size: 15px;\r\n    color: #0A090F;\r\n    background-color: #FEF6E6;\r\n    border: 8px solid #516249;\r\n    padding: 10px;\r\n    margin-bottom: 15px;\r\n    box-sizing: border-box;\r\n    border-radius: 0;\r\n  }\r\n\r\n  .custom-newsletter-form input[type=\"checkbox\"] {\r\n    margin-right: 8px;\r\n    transform: scale(1.2);\r\n  }\r\n\r\n  .custom-newsletter-form .privacy-label {\r\n    font-family: 'Montserrat', sans-serif;\r\n    font-weight: 500;\r\n    font-size: 15px;\r\n    color: #0A090F;\r\n    display: flex;\r\n    align-items: flex-start;\r\n    margin-bottom: 20px;\r\n    line-height: 1.4;\r\n  }\r\n\r\n  .custom-newsletter-form .privacy-label a {\r\n    color: #0A090F;\r\n    text-decoration: underline;\r\n  }\r\n\r\n  .custom-newsletter-form input[type=\"submit\"] {\r\n    font-family: 'Montserrat', sans-serif;\r\n    font-weight: 500;\r\n    font-size: 15px;\r\n    color: #FEF6E6;\r\n    background-color: #284F5E;\r\n    border: 8px solid #98CAB7;\r\n    padding: 10px 20px;\r\n    cursor: pointer;\r\n    border-radius: 0;\r\n  }\r\n\r\n  .custom-newsletter-form input[type=\"submit\"]:hover {\r\n    opacity: 0.9;\r\n  }\r\n<\/style>\r\n\r\n<div class=\"custom-newsletter-form\">\r\n  <form method=\"post\" action=\"https:\/\/karin-mueller.com\/wp-admin\/admin-ajax.php?action=tnp&na=s\">\r\n    <input type=\"hidden\" name=\"nlang\" value=\"\">\r\n\r\n    <div class=\"form-group\">\r\n      <label for=\"tnp-1\">Vorname<\/label>\r\n      <input class=\"tnp-name\" type=\"text\" name=\"nn\" id=\"tnp-1\" required>\r\n    <\/div>\r\n\r\n    <div class=\"form-group\">\r\n      <label for=\"tnp-2\">Nachname<\/label>\r\n      <input class=\"tnp-surname\" type=\"text\" name=\"ns\" id=\"tnp-2\" required>\r\n    <\/div>\r\n\r\n    <div class=\"form-group\">\r\n      <label for=\"tnp-3\">E-Mail-Adresse<\/label>\r\n      <input class=\"tnp-email\" type=\"email\" name=\"ne\" id=\"tnp-3\" required>\r\n    <\/div>\r\n\r\n    <div class=\"form-group\">\r\n      <label class=\"privacy-label\">\r\n        <input type=\"checkbox\" name=\"ny\" value=\"1\" required>\r\n        Ich akzeptiere die\u00a0<a href=\"https:\/\/karin-mueller.com\/index.php\/datenschutzerklaerung\/\" target=\"_blank\">Datenschutzerkl\u00e4rung<\/a>.\r\n      <\/label>\r\n    <\/div>\r\n\r\n    <div class=\"form-group\">\r\n      <input class=\"tnp-submit\" type=\"submit\" value=\"Abonnieren\">\r\n    <\/div>\r\n  <\/form>\r\n<\/div><input type=\"hidden\" name=\"nlang\" value=\"\">\n<\/div>\n\t\t\t\t\t\t<\/div>\n\t\t\t\t<\/div>\n\t\t\t\t<\/div>\n\t\t<div class=\"has_eae_slider elementor-element elementor-element-e6649a2 e-con-full e-flex e-con e-child\" data-eae-slider=\"36397\" data-id=\"e6649a2\" data-element_type=\"container\" data-e-type=\"container\">\n\t\t\t\t<div class=\"elementor-element elementor-element-216f586 elementor-widget elementor-widget-image\" data-id=\"216f586\" data-element_type=\"widget\" data-e-type=\"widget\" data-widget_type=\"image.default\">\n\t\t\t\t<div class=\"elementor-widget-container\">\n\t\t\t\t\t\t\t\t\t\t\t\t\t\t\t<img loading=\"lazy\" decoding=\"async\" width=\"318\" height=\"372\" src=\"https:\/\/ka&#114;&#105;&#110;&#45;&#109;&#117;&#101;&#x6c;&#x6c;&#x65;&#x72;&#x2e;&#x63;&#x6f;&#x6d;&#x2f;wp-c&#111;&#110;&#116;&#101;&#110;&#116;&#47;&#x75;&#x70;&#x6c;&#x6f;&#x61;&#x64;&#x73;&#x2f;&#x32;025\/&#48;&#50;&#47;&#69;&#108;&#101;&#109;&#x65;&#x6e;&#x74;&#x2d;&#x35;&#x40;&#x34;&#x78;&#x2e;png\" class=\"attachment-large size-large wp-image-850\" alt=\"\" \/>\t\t\t\t\t\t\t\t\t\t\t\t\t\t\t<\/div>\n\t\t\t\t<\/div>\n\t\t\t\t<\/div>\n\t\t\t\t\t<\/div>\n\t\t\t\t<\/div>\n\t\t\t\t<\/div>\n\t\t","protected":false},"excerpt":{"rendered":"<p>Sowas wie mein Blog Willkommen auf meinem Blog! Hier teile ich Neuigkeiten, Einblicke in meine neuesten Projekte, Gedanken und Erinnerungen rund um meine B\u00fccher und meine Arbeit als Schriftstellerin. F\u00fcr noch mehr Updates, privaten Alltagswahnsinn, Buchgewinne und Katzenbilder kannst du mir auch gern auf Instagram oder Facebook folgen. Meine letzten Beitr\u00e4ge Alle Aktuelles Neuerscheinungen Und [&hellip;]<\/p>\n","protected":false},"author":2,"featured_media":0,"parent":0,"menu_order":0,"comment_status":"closed","ping_status":"closed","template":"","meta":{"_metis_text_type":"standard","_metis_text_length":1,"_post_count":0,"footnotes":""},"class_list":["post-1625","page","type-page","status-publish","hentry"],"aioseo_notices":[],"public_identification_id":"03e6261e2c0241688af49da110701228","private_identification_id":"eaf21291e2a94008ac92b8954b87d30d","_links":{"self":[{"href":"https:\/\/karin-mueller.com\/index.php\/wp-json\/wp\/v2\/pages\/1625","targetHints":{"allow":["GET"]}}],"collection":[{"href":"https:\/\/karin-mueller.com\/index.php\/wp-json\/wp\/v2\/pages"}],"about":[{"href":"https:\/\/karin-mueller.com\/index.php\/wp-json\/wp\/v2\/types\/page"}],"author":[{"embeddable":true,"href":"https:\/\/karin-mueller.com\/index.php\/wp-json\/wp\/v2\/users\/2"}],"replies":[{"embeddable":true,"href":"https:\/\/karin-mueller.com\/index.php\/wp-json\/wp\/v2\/comments?post=1625"}],"version-history":[{"count":10,"href":"https:\/\/karin-mueller.com\/index.php\/wp-json\/wp\/v2\/pages\/1625\/revisions"}],"predecessor-version":[{"id":4391,"href":"https:\/\/karin-mueller.com\/index.php\/wp-json\/wp\/v2\/pages\/1625\/revisions\/4391"}],"wp:attachment":[{"href":"https:\/\/karin-mueller.com\/index.php\/wp-json\/wp\/v2\/media?parent=1625"}],"curies":[{"name":"wp","href":"https:\/\/api.w.org\/{rel}","templated":true}]}}